he thousands digit of 32015?
2
What is the ten thousands digit of 57815?
5
What is the tens digit of 7752?
5
What is the hundreds digit of 2680?
6
What is the hundred thousands digit of 126594?
1
What is the hundreds digit of 463?
4
What is the tens digit of 704?
0
What is the ten thousands digit of 33919?
3
What is the hundreds digit of 1292?
2
What is the tens digit of 38731?
3
What is the hundreds digit of 1212?
2
What is the units digit of 37?
7
What is the hundreds digit of 4591?
5
What is the ten thousands digit of 14895?
1
What is the thousands digit of 1490?
1
What is the units digit of 361?
1
What is the units digit of 7029?
9
What is the hundreds digit of 2913?
9
What is the hundreds digit of 5588?
5
What is the units digit of 50078?
8
What is the thousands digit of 49468?
9
What is the hundreds digit of 42270?
2
What is the units digit of 66650?
0
What is the hundreds digit of 2034?
0
What is the hundreds digit of 8804?
8
What is the thousands digit of 4334?
4
What is the hundreds digit of 31394?
3
What is the hundreds digit of 10488?
4
What is the units digit of 4924?
4
What is the hundreds digit of 18542?
5
What is the tens digit of 2793?
9
What is the hundreds digit of 34649?
6
What is the hundreds digit of 130?
1
What is the tens digit of 1099?
9
What is the thousands digit of 44794?
4
What is the hundreds digit of 43245?
2
What is the tens digit of 116712?
1
What is the tens digit of 9747?
4
What is the units digit of 304?
4
What is the thousands digit of 49877?
9
What is the units digit of 1559?
9
What is the thousands digit of 12359?
2
What is the tens digit of 22460?
6
What is the hundreds digit of 17687?
6
What is the units digit of 3438?
8
What is the hundreds digit of 18134?
1
What is the hundreds digit of 25512?
5
What is the ten thousands digit of 79468?
7
What is the units digit of 681?
1
What is the ten thousands digit of 38685?
3
What is the hundreds digit of 788?
7
What is the tens digit of 859?
5
What is the units digit of 13986?
6
What is the hundreds digit of 2828?
8
What is the hundreds digit of 23328?
3
What is the tens digit of 117248?
4
What is the units digit of 67831?
1
What is the tens digit of 28238?
3
What is the units digit of 1549?
9
What is the hundreds digit of 849?
8
What is the thousands digit of 4832?
4
What is the hundreds digit of 5527?
5
What is the tens digit of 15852?
5
What is the ten thousands digit of 10014?
1
What is the hundreds digit of 13586?
5
What is the thousands digit of 10075?
0
What is the hundreds digit of 4241?
2
What is the units digit of 5548?
8
What is the tens digit of 13823?
2
What is the units digit of 3645?
5
What is the hundreds digit of 40193?
1
What is the hundreds digit of 414?
4
What is the tens digit of 393?
9
What is the units digit of 6275?
5
What is the thousands digit of 5657?
5
What is the units digit of 1861?
1
What is the ten thousands digit of 42035?
4
What is the tens digit of 468?
6
What is the units digit of 76963?
3
What is the units digit of 648?
8
What is the tens digit of 554?
5
What is the units digit of 3324?
4
What is the tens digit of 6820?
2
What is the hundreds digit of 21545?
5
What is the ten thousands digit of 16725?
1
What is the hundreds digit of 2151?
1
What is the units digit of 17602?
2
What is the hundreds digit of 6446?
4
What is the ten thousands digit of 30433?
3
What is the units digit of 1101?
1
What is the tens digit of 9197?
9
What is the units digit of 42905?
5
What is the ten thousands digit of 21058?
2
What is the units digit of 127?
7
What is the units digit of 431?
1
What is the hundreds digit of 10197?
1
What is the ten thousands digit of 45638?
4
What is the hundreds digit of 588?
5
What is the tens digit of 104946?
4
What is the units digit of 76?
6
What is the hundreds digit of 63097?
0
What is the hundreds digit of 812?
8
What is the units digit of 943?
3
What is the units digit of 1825?
5
What is the thousands digit of 14205?
4
What is the thousands digit of 2102?
2
What is the tens digit of 3944?
4
What is the tens digit of 76176?
7
What is the hundreds digit of 840?
8
What is the thousands digit of 2269?
2
What is the hundreds digit of 20988?
9
What is the hundreds digit of 19128?
1
What is the tens digit of 6616?
1
What is the hundreds digit of 21648?
6
What is the thousands digit of 26080?
6
What is the hundreds digit of 6964?
9
What is the ten thousands digit of 62318?
6
What is the tens digit of 2576?
7
What is the hundreds digit of 8256?
2
What is the units digit of 3849?
9
What is the units digit of 743?
3
What is the ten thousands digit of 12199?
1
What is the hundreds digit of 4935?
9
What is the tens digit of 984?
8
What is the units digit of 23647?
7
What is the hundreds digit of 1079?
0
What is the ten thousands digit of 27118?
2
What is the ten thousands digit of 52019?
5
What is the tens digit of 1034?
3
What is the tens digit of 1087?
8
What is the thousands digit of 4630?
4
What is the hundreds digit of 3338?
3
What is the hundreds digit of 899?
8
What is the ten thousands digit of 15913?
1
What is the thousands digit of 3244?
3
What is the tens digit of 392?
9
What is the tens digit of 12905?
0
What is the units digit of 71764?
4
What is the thousands digit of 1584?
1
What is the units digit of 15790?
0
What is the hundreds digit of 532?
5
What is the hundreds digit of 104?
1
What is the ten thousands digit of 26519?
2
What is the hundreds digit of 1579?
5
What is the thousands digit of 21113?
1
What is the hundreds digit of 3371?
3
What is the hundreds digit of 4374?
3
What is the tens digit of 5084?
8
What is the thousands digit of 16456?
6
What is the thousands digit of 7316?
7
What is the tens digit of 6940?
4
What is the tens digit of 596?
9
What is the units digit of 1466?
6
What is the tens digit of 98?
9
What is the hundreds digit of 3345?
3
What is the tens digit of 2918?
1
What is the thousands digit of 1073?
1
What is the thousands digit of 1331?
1
What is the hundreds digit of 1747?
7
What is the units digit of 4118?
8
What is the ten thousands digit of 36788?
3
What is the tens digit of 1571?
7
What is the hundreds digit of 8363?
3
What is the hundreds digit of 564?
5
What is the tens digit of 1136?
3
What is the units digit of 6?
6
What is the thousands digit of 17538?
7
What is the hundreds digit of 927?
9
What is the hundreds digit of 6030?
0
What is the thousands digit of 12357?
2
What is the units digit of 108176?
6
What is the tens digit of 43014?
1
What is the units digit of 509?
9
What is the tens digit of 47526?
2
What is the hundreds digit of 1707?
7
What is the ten thousands digit of 53388?
5
What is the tens digit of 167946?
4
What is the tens digit of 17038?
3
What is the hundreds digit of 556?
5
What is the units digit of 24528?
8
What is the units digit of 928?
8
What is the units digit of 1408?
8
What is the units digit of 8473?
3
What is the tens digit of 580?
8
What is the tens digit of 66?
6
What is the hundreds digit of 3028?
0
What is the units digit of 2693?
3
What is the units digit of 195?
5
What is the units digit of 12938?
8
What is the units digit of 39?
9
What is the tens digit of 857?
5
What is the thousands digit of 4375?
4
What is the units digit of 749?
9
What is the thousands digit of 14621?
4
What is the hundreds digit of 1031?
0
What is the ten thousands digit of 31546?
3
What is the units digit of 1126?
6
What is the units digit of 9222?
2
What is the hundreds digit of 313?
3
What is the ten thousands digit of 19376?
1
What is the units digit of 628?
8
What is the hundreds digit of 195?
1
What is the tens digit of 856?
5
What is the tens digit of 703?
0
What is the hundreds digit of 1033?
0
What is the units digit of 142997?
7
What is the tens digit of 15415?
1
What is the hundreds digit of 1837?
8
What is the tens digit of 12479?
7
What is the tens digit of 6714?
1
What is the hundreds digit of 2246?
2
What is the tens digit of 70019?
1
What is the tens digit of 38360?
6
What is the ten thousands digit of 79681?
7
What is the thousands digit of 52616?
2
What is the ten thousands digit of 15048?
1
What is the tens digit of 35091?
9
What is the tens digit of 6821?
2
What is the units digit of 6230?
0
What is the units digit of 3593?
3
What is the h